{"id":2566,"date":"2025-10-07T11:51:25","date_gmt":"2025-10-07T11:51:25","guid":{"rendered":"https:\/\/b2cauto.fr\/?post_type=product&#038;p=2566"},"modified":"2026-01-02T14:57:30","modified_gmt":"2026-01-02T14:57:30","slug":"citroen-berlingo-fourgon-1-6-hdi","status":"publish","type":"product","link":"https:\/\/b2cauto.fr\/index.php\/produit\/citroen-berlingo-fourgon-1-6-hdi\/","title":{"rendered":"Citro\u00ebn Berlingo Fourgon, 1.6 HDI, 75 ch, 2015"},"content":{"rendered":"<p>Votre concessionnaire B2C Auto Transactions, \u00e0 Castres, vous propose un Citro\u00ebn Berlingo, avec une garantie de 12 mois.<\/p>\n<p><!--more--><\/p>\n<h3><u style=\"font-size: 16px;\"><strong>Equipements :<\/strong><\/u><\/h3>\n<div id=\"equip\">\n<div id=\"int\">\n<h4>Int\u00e9rieur<\/h4>\n<ul>\n<li>Syst\u00e8me multim\u00e9dia : autoradio, MP3, CD<\/li>\n<li>Vitres \u00e9lectriques<\/li>\n<li>Prise 12V dans le compartiment de charge<\/li>\n<li style=\"font-weight: 400;\" aria-level=\"1\"><span style=\"font-weight: 400;\">R\u00e9troviseurs ext\u00e9rieurs \u00e0 r\u00e9glage \u00e9lectrique<\/span><\/li>\n<li style=\"font-weight: 400;\" aria-level=\"1\"><span style=\"font-weight: 400;\">Bo\u00eete de vitesses manuelle \u00e0 5 rapports<\/span><\/li>\n<\/ul>\n<\/div>\n<div id=\"ext\">\n<h4>Ext\u00e9rieur<\/h4>\n<ul>\n<li>Radars de stationnement arri\u00e8re<\/li>\n<li>Porte lat\u00e9rale droite coulissante<\/li>\n<li>Portes arri\u00e8res battantes<\/li>\n<li style=\"font-weight: 400;\" aria-level=\"1\"><span style=\"font-weight: 400;\">Fermeture centralis\u00e9e<\/span><\/li>\n<li style=\"font-weight: 400;\" aria-level=\"1\"><span style=\"font-weight: 400;\">Direction assist\u00e9e<\/span><\/li>\n<\/ul>\n<\/div>\n<\/div>\n<hr \/>\n<p><strong><u>Informations additionnelles<\/u><\/strong> :<\/p>\n<ul>\n<li>3 places \u00e0 l&rsquo;avant<\/li>\n<li>Crit\u2019Air 2<\/li>\n<li>Equipements de s\u00e9curit\u00e9 : airbags frontal et lat\u00e9ral, ABS, aide au freinage d\u2019urgence,<\/li>\n<\/ul>\n<hr \/>\n<p><strong>PRIX : 8 490\u20ac TTC (6 990\u20ac HT &#8211; TVA r\u00e9cup\u00e9rable)<\/strong><\/p>\n<p><b>Tous nos v\u00e9hicules sont rigoureusement contr\u00f4l\u00e9s et r\u00e9vis\u00e9s avant la vente.<\/b><\/p>\n<p><span style=\"font-weight: 400;\">Le v\u00e9hicule est visible sur rendez-vous \u00e0 Castres.<\/span><\/p>\n<p><span style=\"font-weight: 400;\">Nous sommes disponibles du lundi au samedi, de 9h \u00e0 19h, pour r\u00e9pondre \u00e0 toutes vos questions ou convenir d\u2019un essai.<\/span><\/p>\n<p>B2C Auto propose la livraison de votre voiture \u00e0 l\u2019adresse de votre choix partout en France m\u00e9tropolitaine hors Corse. Devis sur demande.<\/p>\n<p><b>Aucun frais de dossier \u00e0 pr\u00e9voir.<\/b><\/p>\n","protected":false},"excerpt":{"rendered":"<ul>\n<li>Mise en circulation le\u00a0<strong>23\/04\/2015<\/strong><\/li>\n<li>Kilom\u00e9trage\u00a0:<strong> 75 000km<\/strong><\/li>\n<li>Motorisation : <strong>1.6 HDI, <\/strong>75 CH,\u00a0Diesel<\/li>\n<li><strong>Entretien \u00e0 jour et r\u00e9vision compl\u00e8te<\/strong> du v\u00e9hicule (kit courroie de distribution, kit embrayage, vidange, filtres, \u2026)<\/li>\n<li><strong>CT ok<\/strong><\/li>\n<li><span style=\"font-weight: 400;\">Tr\u00e8s bon \u00e9tat int\u00e9rieur et ext\u00e9rieur<\/span><\/li>\n<\/ul>\n<hr \/>\n<p><strong><u>Garantie de 12 mois qui couvre notamment : <\/u><\/strong><\/p>\n<ul>\n<li>Moteur<\/li>\n<li>Bo\u00eete de vitesse et embrayage<\/li>\n<li>Pont et suspensions<\/li>\n<li>Freinage<\/li>\n<li>Circuit \u00e9lectrique et diagnostic<\/li>\n<li>Carter<\/li>\n<li>Refroidissement et alimentation<\/li>\n<li>\u2026<\/li>\n<\/ul>\n<p><!--more--><\/p>\n","protected":false},"featured_media":2567,"template":"","meta":[],"product_cat":[34,38],"product_tag":[],"yoast_head":"<!-- This site is optimized with the Yoast SEO plugin v20.7 - https:\/\/yoast.com\/wordpress\/plugins\/seo\/ -->\n<title>Citro\u00ebn Berlingo Fourgon, 1.6 HDI, 75 ch, 2015 - B2C Auto Transactions - Castres<\/title>\n<meta name=\"robots\" content=\"index, follow, max-snippet:-1, max-image-preview:large, max-video-preview:-1\" \/>\n<link rel=\"canonical\" href=\"https:\/\/b2cauto.fr\/index.php\/produit\/citroen-berlingo-fourgon-1-6-hdi\/\" \/>\n<meta property=\"og:locale\" content=\"fr_FR\" \/>\n<meta property=\"og:type\" content=\"article\" \/>\n<meta property=\"og:title\" content=\"Citro\u00ebn Berlingo Fourgon, 1.6 HDI, 75 ch, 2015 - B2C Auto Transactions - Castres\" \/>\n<meta property=\"og:description\" content=\"Mise en circulation le\u00a023\/04\/2015  Kilom\u00e9trage\u00a0: 75 000km  Motorisation : 1.6 HDI, 75 CH,\u00a0Diesel  Entretien \u00e0 jour et r\u00e9vision compl\u00e8te du v\u00e9hicule (kit courroie de distribution, kit embrayage, vidange, filtres, \u2026)  CT ok  Tr\u00e8s bon \u00e9tat int\u00e9rieur et ext\u00e9rieur     Garantie de 12 mois qui couvre notamment :    Moteur  Bo\u00eete de vitesse et embrayage  Pont et suspensions  Freinage  Circuit \u00e9lectrique et diagnostic  Carter  Refroidissement et alimentation  \u2026\" \/>\n<meta property=\"og:url\" content=\"https:\/\/b2cauto.fr\/index.php\/produit\/citroen-berlingo-fourgon-1-6-hdi\/\" \/>\n<meta property=\"og:site_name\" content=\"B2C Auto Transactions - Castres\" \/>\n<meta property=\"article:modified_time\" content=\"2026-01-02T14:57:30+00:00\" \/>\n<meta property=\"og:image\" content=\"http:\/\/b2cauto.fr\/wp-content\/uploads\/2025\/10\/1.png\" \/>\n\t<meta property=\"og:image:width\" content=\"798\" \/>\n\t<meta property=\"og:image:height\" content=\"535\" \/>\n\t<meta property=\"og:image:type\" content=\"image\/png\" \/>\n<meta name=\"twitter:card\" content=\"summary_large_image\" \/>\n<meta name=\"twitter:label1\" content=\"Dur\u00e9e de lecture estim\u00e9e\" \/>\n\t<meta name=\"twitter:data1\" content=\"1 minute\" \/>\n<script type=\"application\/ld+json\" class=\"yoast-schema-graph\">{\"@context\":\"https:\/\/schema.org\",\"@graph\":[{\"@type\":\"WebPage\",\"@id\":\"https:\/\/b2cauto.fr\/index.php\/produit\/citroen-berlingo-fourgon-1-6-hdi\/\",\"url\":\"https:\/\/b2cauto.fr\/index.php\/produit\/citroen-berlingo-fourgon-1-6-hdi\/\",\"name\":\"Citro\u00ebn Berlingo Fourgon, 1.6 HDI, 75 ch, 2015 - B2C Auto Transactions - Castres\",\"isPartOf\":{\"@id\":\"https:\/\/b2cauto.fr\/#website\"},\"datePublished\":\"2025-10-07T11:51:25+00:00\",\"dateModified\":\"2026-01-02T14:57:30+00:00\",\"breadcrumb\":{\"@id\":\"https:\/\/b2cauto.fr\/index.php\/produit\/citroen-berlingo-fourgon-1-6-hdi\/#breadcrumb\"},\"inLanguage\":\"fr-FR\",\"potentialAction\":[{\"@type\":\"ReadAction\",\"target\":[\"https:\/\/b2cauto.fr\/index.php\/produit\/citroen-berlingo-fourgon-1-6-hdi\/\"]}]},{\"@type\":\"BreadcrumbList\",\"@id\":\"https:\/\/b2cauto.fr\/index.php\/produit\/citroen-berlingo-fourgon-1-6-hdi\/#breadcrumb\",\"itemListElement\":[{\"@type\":\"ListItem\",\"position\":1,\"name\":\"Accueil\",\"item\":\"https:\/\/b2cauto.fr\/\"},{\"@type\":\"ListItem\",\"position\":2,\"name\":\"V\u00e9hicules\",\"item\":\"https:\/\/b2cauto.fr\/index.php\/boutiquev2\/\"},{\"@type\":\"ListItem\",\"position\":3,\"name\":\"Citro\u00ebn Berlingo Fourgon, 1.6 HDI, 75 ch, 2015\"}]},{\"@type\":\"WebSite\",\"@id\":\"https:\/\/b2cauto.fr\/#website\",\"url\":\"https:\/\/b2cauto.fr\/\",\"name\":\"B2C Auto Transactions - Castres\",\"description\":\"Votre concessionnaire \u00e0 Castres ! D\u00e9couvrez nos offres de v\u00e9hicules d\u2019occasions directement depuis notre site web.\",\"publisher\":{\"@id\":\"https:\/\/b2cauto.fr\/#organization\"},\"alternateName\":\"B2C Auto Transactions - Castres\",\"potentialAction\":[{\"@type\":\"SearchAction\",\"target\":{\"@type\":\"EntryPoint\",\"urlTemplate\":\"https:\/\/b2cauto.fr\/?s={search_term_string}\"},\"query-input\":\"required name=search_term_string\"}],\"inLanguage\":\"fr-FR\"},{\"@type\":\"Organization\",\"@id\":\"https:\/\/b2cauto.fr\/#organization\",\"name\":\"B2C Auto Transactions - Castres\",\"url\":\"https:\/\/b2cauto.fr\/\",\"logo\":{\"@type\":\"ImageObject\",\"inLanguage\":\"fr-FR\",\"@id\":\"https:\/\/b2cauto.fr\/#\/schema\/logo\/image\/\",\"url\":\"https:\/\/b2cauto.fr\/wp-content\/uploads\/2023\/01\/cropped-Logo-v1.png\",\"contentUrl\":\"https:\/\/b2cauto.fr\/wp-content\/uploads\/2023\/01\/cropped-Logo-v1.png\",\"width\":1266,\"height\":392,\"caption\":\"B2C Auto Transactions - Castres\"},\"image\":{\"@id\":\"https:\/\/b2cauto.fr\/#\/schema\/logo\/image\/\"}}]}<\/script>\n<!-- \/ Yoast SEO plugin. -->","yoast_head_json":{"title":"Citro\u00ebn Berlingo Fourgon, 1.6 HDI, 75 ch, 2015 - B2C Auto Transactions - Castres","robots":{"index":"index","follow":"follow","max-snippet":"max-snippet:-1","max-image-preview":"max-image-preview:large","max-video-preview":"max-video-preview:-1"},"canonical":"https:\/\/b2cauto.fr\/index.php\/produit\/citroen-berlingo-fourgon-1-6-hdi\/","og_locale":"fr_FR","og_type":"article","og_title":"Citro\u00ebn Berlingo Fourgon, 1.6 HDI, 75 ch, 2015 - B2C Auto Transactions - Castres","og_description":"Mise en circulation le\u00a023\/04\/2015  Kilom\u00e9trage\u00a0: 75 000km  Motorisation : 1.6 HDI, 75 CH,\u00a0Diesel  Entretien \u00e0 jour et r\u00e9vision compl\u00e8te du v\u00e9hicule (kit courroie de distribution, kit embrayage, vidange, filtres, \u2026)  CT ok  Tr\u00e8s bon \u00e9tat int\u00e9rieur et ext\u00e9rieur     Garantie de 12 mois qui couvre notamment :    Moteur  Bo\u00eete de vitesse et embrayage  Pont et suspensions  Freinage  Circuit \u00e9lectrique et diagnostic  Carter  Refroidissement et alimentation  \u2026","og_url":"https:\/\/b2cauto.fr\/index.php\/produit\/citroen-berlingo-fourgon-1-6-hdi\/","og_site_name":"B2C Auto Transactions - Castres","article_modified_time":"2026-01-02T14:57:30+00:00","og_image":[{"width":798,"height":535,"url":"http:\/\/b2cauto.fr\/wp-content\/uploads\/2025\/10\/1.png","type":"image\/png"}],"twitter_card":"summary_large_image","twitter_misc":{"Dur\u00e9e de lecture estim\u00e9e":"1 minute"},"schema":{"@context":"https:\/\/schema.org","@graph":[{"@type":"WebPage","@id":"https:\/\/b2cauto.fr\/index.php\/produit\/citroen-berlingo-fourgon-1-6-hdi\/","url":"https:\/\/b2cauto.fr\/index.php\/produit\/citroen-berlingo-fourgon-1-6-hdi\/","name":"Citro\u00ebn Berlingo Fourgon, 1.6 HDI, 75 ch, 2015 - B2C Auto Transactions - Castres","isPartOf":{"@id":"https:\/\/b2cauto.fr\/#website"},"datePublished":"2025-10-07T11:51:25+00:00","dateModified":"2026-01-02T14:57:30+00:00","breadcrumb":{"@id":"https:\/\/b2cauto.fr\/index.php\/produit\/citroen-berlingo-fourgon-1-6-hdi\/#breadcrumb"},"inLanguage":"fr-FR","potentialAction":[{"@type":"ReadAction","target":["https:\/\/b2cauto.fr\/index.php\/produit\/citroen-berlingo-fourgon-1-6-hdi\/"]}]},{"@type":"BreadcrumbList","@id":"https:\/\/b2cauto.fr\/index.php\/produit\/citroen-berlingo-fourgon-1-6-hdi\/#breadcrumb","itemListElement":[{"@type":"ListItem","position":1,"name":"Accueil","item":"https:\/\/b2cauto.fr\/"},{"@type":"ListItem","position":2,"name":"V\u00e9hicules","item":"https:\/\/b2cauto.fr\/index.php\/boutiquev2\/"},{"@type":"ListItem","position":3,"name":"Citro\u00ebn Berlingo Fourgon, 1.6 HDI, 75 ch, 2015"}]},{"@type":"WebSite","@id":"https:\/\/b2cauto.fr\/#website","url":"https:\/\/b2cauto.fr\/","name":"B2C Auto Transactions - Castres","description":"Votre concessionnaire \u00e0 Castres ! D\u00e9couvrez nos offres de v\u00e9hicules d\u2019occasions directement depuis notre site web.","publisher":{"@id":"https:\/\/b2cauto.fr\/#organization"},"alternateName":"B2C Auto Transactions - Castres","potentialAction":[{"@type":"SearchAction","target":{"@type":"EntryPoint","urlTemplate":"https:\/\/b2cauto.fr\/?s={search_term_string}"},"query-input":"required name=search_term_string"}],"inLanguage":"fr-FR"},{"@type":"Organization","@id":"https:\/\/b2cauto.fr\/#organization","name":"B2C Auto Transactions - Castres","url":"https:\/\/b2cauto.fr\/","logo":{"@type":"ImageObject","inLanguage":"fr-FR","@id":"https:\/\/b2cauto.fr\/#\/schema\/logo\/image\/","url":"https:\/\/b2cauto.fr\/wp-content\/uploads\/2023\/01\/cropped-Logo-v1.png","contentUrl":"https:\/\/b2cauto.fr\/wp-content\/uploads\/2023\/01\/cropped-Logo-v1.png","width":1266,"height":392,"caption":"B2C Auto Transactions - Castres"},"image":{"@id":"https:\/\/b2cauto.fr\/#\/schema\/logo\/image\/"}}]}},"_links":{"self":[{"href":"https:\/\/b2cauto.fr\/index.php\/wp-json\/wp\/v2\/product\/2566"}],"collection":[{"href":"https:\/\/b2cauto.fr\/index.php\/wp-json\/wp\/v2\/product"}],"about":[{"href":"https:\/\/b2cauto.fr\/index.php\/wp-json\/wp\/v2\/types\/product"}],"wp:featuredmedia":[{"embeddable":true,"href":"https:\/\/b2cauto.fr\/index.php\/wp-json\/wp\/v2\/media\/2567"}],"wp:attachment":[{"href":"https:\/\/b2cauto.fr\/index.php\/wp-json\/wp\/v2\/media?parent=2566"}],"wp:term":[{"taxonomy":"product_cat","embeddable":true,"href":"https:\/\/b2cauto.fr\/index.php\/wp-json\/wp\/v2\/product_cat?post=2566"},{"taxonomy":"product_tag","embeddable":true,"href":"https:\/\/b2cauto.fr\/index.php\/wp-json\/wp\/v2\/product_tag?post=2566"}],"curies":[{"name":"wp","href":"https:\/\/api.w.org\/{rel}","templated":true}]}}