{"id":2168,"date":"2025-04-17T08:42:16","date_gmt":"2025-04-17T08:42:16","guid":{"rendered":"https:\/\/b2cauto.fr\/?post_type=product&#038;p=2168"},"modified":"2026-03-31T21:41:54","modified_gmt":"2026-03-31T21:41:54","slug":"mercedes-vito-110-cdi-102ch-2020","status":"publish","type":"product","link":"https:\/\/b2cauto.fr\/index.php\/produit\/mercedes-vito-110-cdi-102ch-2020\/","title":{"rendered":"Mercedes Vito, 110 CDI, 102ch, 2020"},"content":{"rendered":"<p>Votre concessionnaire B2C Auto Transactions, pr\u00e9sent sur Toulouse et Castres, vous propose un Mercedes Vito 110 CDI, 102ch, avec une garantie de 12 mois.<\/p>\n<p><!--more--><\/p>\n<h3><u style=\"font-size: 16px;\"><strong>Equipements :<\/strong><\/u><\/h3>\n<div id=\"equip\">\n<div id=\"int\">\n<h4>Int\u00e9rieur<\/h4>\n<ul>\n<li>V\u00e9hicule non-fumeur<\/li>\n<li>R\u00e9gulateur de vitesse<\/li>\n<li>Climatisation<\/li>\n<li>Syst\u00e8me multim\u00e9dia : autoradio, Bluetooth, CD, MP3, USB\u2026<\/li>\n<li>3 places avant<\/li>\n<li><span style=\"font-weight: 400;\">Bo\u00eete de vitesse manuelle \u00e0 6 rapports<\/span><\/li>\n<\/ul>\n<\/div>\n<div id=\"ext\">\n<h4>Ext\u00e9rieur<\/h4>\n<ul>\n<li style=\"font-weight: 400;\" aria-level=\"1\"><span style=\"font-weight: 400;\">R\u00e9troviseurs \u00e0 r\u00e9glage \u00e9lectrique<\/span><\/li>\n<li><span style=\"font-weight: 400;\">Fermeture centralis\u00e9e<\/span><\/li>\n<li aria-level=\"1\"><span style=\"font-weight: 400;\">1 porte lat\u00e9rale<\/span><\/li>\n<li style=\"font-weight: 400;\" aria-level=\"1\"><span style=\"font-weight: 400;\">Direction assist\u00e9e<\/span><\/li>\n<\/ul>\n<\/div>\n<\/div>\n<hr \/>\n<p><strong><u>Informations additionnelles<\/u><\/strong> :<\/p>\n<ul>\n<li>Vitres \u00e9lectriques<\/li>\n<li>Equipements de s\u00e9curit\u00e9 : airbags frontal et lat\u00e9ral, ABS<\/li>\n<li>Crit\u2019Air 2<\/li>\n<\/ul>\n<hr \/>\n<p><strong>PRIX : 14 990\u20ac TTC, pas de frais de dossier<\/strong><\/p>\n<p>Nous restons \u00e0 votre disposition pour plus de renseignements, n\u2019h\u00e9sitez pas \u00e0 nous contacter pour un essai, nous sommes disponibles du lundi au samedi de 9h \u00e0 19h.<\/p>\n<p>Tous nos v\u00e9hicules sont contr\u00f4l\u00e9s, r\u00e9vis\u00e9s et garantis.<\/p>\n<p>B2C Auto propose la livraison de votre voiture \u00e0 l\u2019adresse de votre choix partout en France m\u00e9tropolitaine hors Corse. Devis sur demande.<\/p>\n","protected":false},"excerpt":{"rendered":"<ul>\n<li>Kilom\u00e9trage\u00a0:<strong> 132 000km<\/strong><\/li>\n<li>Motorisation : 110 CDI, <strong>102<\/strong> CH<\/li>\n<li><strong>Diesel<\/strong><\/li>\n<li>Mise en circulation le 30\/09\/2020<\/li>\n<li><strong>Entretien \u00e0 jour et r\u00e9vision compl\u00e8te<\/strong> du v\u00e9hicule (kit chaine de distribution, vidange, filtres, pneus, freins \u2026).<\/li>\n<li>CT OK<\/li>\n<li>Tr\u00e8s bon \u00e9tat int\u00e9rieur et ext\u00e9rieur<\/li>\n<\/ul>\n<hr \/>\n<p><strong><u>Garantie de 12 mois qui couvre notamment : <\/u><\/strong><\/p>\n<ul>\n<li>Moteur<\/li>\n<li>Bo\u00eete de vitesse et embrayage<\/li>\n<li>Pont et suspensions<\/li>\n<li>Freinage<\/li>\n<li>Circuit \u00e9lectrique et diagnostic<\/li>\n<li>Carter<\/li>\n<li>Refroidissement et alimentation<\/li>\n<li>\u2026<\/li>\n<\/ul>\n<p><!--more--><\/p>\n","protected":false},"featured_media":2532,"template":"","meta":[],"product_cat":[43,38],"product_tag":[],"yoast_head":"<!-- This site is optimized with the Yoast SEO plugin v20.7 - https:\/\/yoast.com\/wordpress\/plugins\/seo\/ -->\n<title>Mercedes Vito, 110 CDI, 102ch, 2020 - B2C Auto Transactions - Castres<\/title>\n<meta name=\"robots\" content=\"index, follow, max-snippet:-1, max-image-preview:large, max-video-preview:-1\" \/>\n<link rel=\"canonical\" href=\"https:\/\/b2cauto.fr\/index.php\/produit\/mercedes-vito-110-cdi-102ch-2020\/\" \/>\n<meta property=\"og:locale\" content=\"fr_FR\" \/>\n<meta property=\"og:type\" content=\"article\" \/>\n<meta property=\"og:title\" content=\"Mercedes Vito, 110 CDI, 102ch, 2020 - B2C Auto Transactions - Castres\" \/>\n<meta property=\"og:description\" content=\"Kilom\u00e9trage\u00a0: 132 000km  Motorisation : 110 CDI, 102 CH  Diesel  Mise en circulation le 30\/09\/2020  Entretien \u00e0 jour et r\u00e9vision compl\u00e8te du v\u00e9hicule (kit chaine de distribution, vidange, filtres, pneus, freins \u2026).  CT OK  Tr\u00e8s bon \u00e9tat int\u00e9rieur et ext\u00e9rieur     Garantie de 12 mois qui couvre notamment :    Moteur  Bo\u00eete de vitesse et embrayage  Pont et suspensions  Freinage  Circuit \u00e9lectrique et diagnostic  Carter  Refroidissement et alimentation  \u2026\" \/>\n<meta property=\"og:url\" content=\"https:\/\/b2cauto.fr\/index.php\/produit\/mercedes-vito-110-cdi-102ch-2020\/\" \/>\n<meta property=\"og:site_name\" content=\"B2C Auto Transactions - Castres\" \/>\n<meta property=\"article:modified_time\" content=\"2026-03-31T21:41:54+00:00\" \/>\n<meta property=\"og:image\" content=\"http:\/\/b2cauto.fr\/wp-content\/uploads\/2025\/04\/1-scaled.jpg\" \/>\n\t<meta property=\"og:image:width\" content=\"2560\" \/>\n\t<meta property=\"og:image:height\" content=\"1920\" \/>\n\t<meta property=\"og:image:type\" content=\"image\/jpeg\" \/>\n<meta name=\"twitter:card\" content=\"summary_large_image\" \/>\n<meta name=\"twitter:label1\" content=\"Dur\u00e9e de lecture estim\u00e9e\" \/>\n\t<meta name=\"twitter:data1\" content=\"1 minute\" \/>\n<script type=\"application\/ld+json\" class=\"yoast-schema-graph\">{\"@context\":\"https:\/\/schema.org\",\"@graph\":[{\"@type\":\"WebPage\",\"@id\":\"https:\/\/b2cauto.fr\/index.php\/produit\/mercedes-vito-110-cdi-102ch-2020\/\",\"url\":\"https:\/\/b2cauto.fr\/index.php\/produit\/mercedes-vito-110-cdi-102ch-2020\/\",\"name\":\"Mercedes Vito, 110 CDI, 102ch, 2020 - B2C Auto Transactions - Castres\",\"isPartOf\":{\"@id\":\"https:\/\/b2cauto.fr\/#website\"},\"datePublished\":\"2025-04-17T08:42:16+00:00\",\"dateModified\":\"2026-03-31T21:41:54+00:00\",\"breadcrumb\":{\"@id\":\"https:\/\/b2cauto.fr\/index.php\/produit\/mercedes-vito-110-cdi-102ch-2020\/#breadcrumb\"},\"inLanguage\":\"fr-FR\",\"potentialAction\":[{\"@type\":\"ReadAction\",\"target\":[\"https:\/\/b2cauto.fr\/index.php\/produit\/mercedes-vito-110-cdi-102ch-2020\/\"]}]},{\"@type\":\"BreadcrumbList\",\"@id\":\"https:\/\/b2cauto.fr\/index.php\/produit\/mercedes-vito-110-cdi-102ch-2020\/#breadcrumb\",\"itemListElement\":[{\"@type\":\"ListItem\",\"position\":1,\"name\":\"Accueil\",\"item\":\"https:\/\/b2cauto.fr\/\"},{\"@type\":\"ListItem\",\"position\":2,\"name\":\"V\u00e9hicules\",\"item\":\"https:\/\/b2cauto.fr\/index.php\/boutiquev2\/\"},{\"@type\":\"ListItem\",\"position\":3,\"name\":\"Mercedes Vito, 110 CDI, 102ch, 2020\"}]},{\"@type\":\"WebSite\",\"@id\":\"https:\/\/b2cauto.fr\/#website\",\"url\":\"https:\/\/b2cauto.fr\/\",\"name\":\"B2C Auto Transactions - Castres\",\"description\":\"Votre concessionnaire \u00e0 Castres ! D\u00e9couvrez nos offres de v\u00e9hicules d\u2019occasions directement depuis notre site web.\",\"publisher\":{\"@id\":\"https:\/\/b2cauto.fr\/#organization\"},\"alternateName\":\"B2C Auto Transactions - Castres\",\"potentialAction\":[{\"@type\":\"SearchAction\",\"target\":{\"@type\":\"EntryPoint\",\"urlTemplate\":\"https:\/\/b2cauto.fr\/?s={search_term_string}\"},\"query-input\":\"required name=search_term_string\"}],\"inLanguage\":\"fr-FR\"},{\"@type\":\"Organization\",\"@id\":\"https:\/\/b2cauto.fr\/#organization\",\"name\":\"B2C Auto Transactions - Castres\",\"url\":\"https:\/\/b2cauto.fr\/\",\"logo\":{\"@type\":\"ImageObject\",\"inLanguage\":\"fr-FR\",\"@id\":\"https:\/\/b2cauto.fr\/#\/schema\/logo\/image\/\",\"url\":\"https:\/\/b2cauto.fr\/wp-content\/uploads\/2023\/01\/cropped-Logo-v1.png\",\"contentUrl\":\"https:\/\/b2cauto.fr\/wp-content\/uploads\/2023\/01\/cropped-Logo-v1.png\",\"width\":1266,\"height\":392,\"caption\":\"B2C Auto Transactions - Castres\"},\"image\":{\"@id\":\"https:\/\/b2cauto.fr\/#\/schema\/logo\/image\/\"}}]}<\/script>\n<!-- \/ Yoast SEO plugin. -->","yoast_head_json":{"title":"Mercedes Vito, 110 CDI, 102ch, 2020 - B2C Auto Transactions - Castres","robots":{"index":"index","follow":"follow","max-snippet":"max-snippet:-1","max-image-preview":"max-image-preview:large","max-video-preview":"max-video-preview:-1"},"canonical":"https:\/\/b2cauto.fr\/index.php\/produit\/mercedes-vito-110-cdi-102ch-2020\/","og_locale":"fr_FR","og_type":"article","og_title":"Mercedes Vito, 110 CDI, 102ch, 2020 - B2C Auto Transactions - Castres","og_description":"Kilom\u00e9trage\u00a0: 132 000km  Motorisation : 110 CDI, 102 CH  Diesel  Mise en circulation le 30\/09\/2020  Entretien \u00e0 jour et r\u00e9vision compl\u00e8te du v\u00e9hicule (kit chaine de distribution, vidange, filtres, pneus, freins \u2026).  CT OK  Tr\u00e8s bon \u00e9tat int\u00e9rieur et ext\u00e9rieur     Garantie de 12 mois qui couvre notamment :    Moteur  Bo\u00eete de vitesse et embrayage  Pont et suspensions  Freinage  Circuit \u00e9lectrique et diagnostic  Carter  Refroidissement et alimentation  \u2026","og_url":"https:\/\/b2cauto.fr\/index.php\/produit\/mercedes-vito-110-cdi-102ch-2020\/","og_site_name":"B2C Auto Transactions - Castres","article_modified_time":"2026-03-31T21:41:54+00:00","og_image":[{"width":2560,"height":1920,"url":"http:\/\/b2cauto.fr\/wp-content\/uploads\/2025\/04\/1-scaled.jpg","type":"image\/jpeg"}],"twitter_card":"summary_large_image","twitter_misc":{"Dur\u00e9e de lecture estim\u00e9e":"1 minute"},"schema":{"@context":"https:\/\/schema.org","@graph":[{"@type":"WebPage","@id":"https:\/\/b2cauto.fr\/index.php\/produit\/mercedes-vito-110-cdi-102ch-2020\/","url":"https:\/\/b2cauto.fr\/index.php\/produit\/mercedes-vito-110-cdi-102ch-2020\/","name":"Mercedes Vito, 110 CDI, 102ch, 2020 - B2C Auto Transactions - Castres","isPartOf":{"@id":"https:\/\/b2cauto.fr\/#website"},"datePublished":"2025-04-17T08:42:16+00:00","dateModified":"2026-03-31T21:41:54+00:00","breadcrumb":{"@id":"https:\/\/b2cauto.fr\/index.php\/produit\/mercedes-vito-110-cdi-102ch-2020\/#breadcrumb"},"inLanguage":"fr-FR","potentialAction":[{"@type":"ReadAction","target":["https:\/\/b2cauto.fr\/index.php\/produit\/mercedes-vito-110-cdi-102ch-2020\/"]}]},{"@type":"BreadcrumbList","@id":"https:\/\/b2cauto.fr\/index.php\/produit\/mercedes-vito-110-cdi-102ch-2020\/#breadcrumb","itemListElement":[{"@type":"ListItem","position":1,"name":"Accueil","item":"https:\/\/b2cauto.fr\/"},{"@type":"ListItem","position":2,"name":"V\u00e9hicules","item":"https:\/\/b2cauto.fr\/index.php\/boutiquev2\/"},{"@type":"ListItem","position":3,"name":"Mercedes Vito, 110 CDI, 102ch, 2020"}]},{"@type":"WebSite","@id":"https:\/\/b2cauto.fr\/#website","url":"https:\/\/b2cauto.fr\/","name":"B2C Auto Transactions - Castres","description":"Votre concessionnaire \u00e0 Castres ! D\u00e9couvrez nos offres de v\u00e9hicules d\u2019occasions directement depuis notre site web.","publisher":{"@id":"https:\/\/b2cauto.fr\/#organization"},"alternateName":"B2C Auto Transactions - Castres","potentialAction":[{"@type":"SearchAction","target":{"@type":"EntryPoint","urlTemplate":"https:\/\/b2cauto.fr\/?s={search_term_string}"},"query-input":"required name=search_term_string"}],"inLanguage":"fr-FR"},{"@type":"Organization","@id":"https:\/\/b2cauto.fr\/#organization","name":"B2C Auto Transactions - Castres","url":"https:\/\/b2cauto.fr\/","logo":{"@type":"ImageObject","inLanguage":"fr-FR","@id":"https:\/\/b2cauto.fr\/#\/schema\/logo\/image\/","url":"https:\/\/b2cauto.fr\/wp-content\/uploads\/2023\/01\/cropped-Logo-v1.png","contentUrl":"https:\/\/b2cauto.fr\/wp-content\/uploads\/2023\/01\/cropped-Logo-v1.png","width":1266,"height":392,"caption":"B2C Auto Transactions - Castres"},"image":{"@id":"https:\/\/b2cauto.fr\/#\/schema\/logo\/image\/"}}]}},"_links":{"self":[{"href":"https:\/\/b2cauto.fr\/index.php\/wp-json\/wp\/v2\/product\/2168"}],"collection":[{"href":"https:\/\/b2cauto.fr\/index.php\/wp-json\/wp\/v2\/product"}],"about":[{"href":"https:\/\/b2cauto.fr\/index.php\/wp-json\/wp\/v2\/types\/product"}],"wp:featuredmedia":[{"embeddable":true,"href":"https:\/\/b2cauto.fr\/index.php\/wp-json\/wp\/v2\/media\/2532"}],"wp:attachment":[{"href":"https:\/\/b2cauto.fr\/index.php\/wp-json\/wp\/v2\/media?parent=2168"}],"wp:term":[{"taxonomy":"product_cat","embeddable":true,"href":"https:\/\/b2cauto.fr\/index.php\/wp-json\/wp\/v2\/product_cat?post=2168"},{"taxonomy":"product_tag","embeddable":true,"href":"https:\/\/b2cauto.fr\/index.php\/wp-json\/wp\/v2\/product_tag?post=2168"}],"curies":[{"name":"wp","href":"https:\/\/api.w.org\/{rel}","templated":true}]}}